{"id":639,"date":"2025-05-03T12:21:24","date_gmt":"2025-05-03T10:21:24","guid":{"rendered":"https:\/\/diecosys.com\/?page_id=639"},"modified":"2026-02-19T17:44:48","modified_gmt":"2026-02-19T16:44:48","slug":"podcast-14","status":"publish","type":"page","link":"https:\/\/diecosys.com\/?page_id=639","title":{"rendered":"#14 SKULIO &#8211; KI Tools f\u00fcr Lehrkr\u00e4fte"},"content":{"rendered":"\n<p class=\"has-vivid-cyan-blue-color has-text-color has-link-color has-large-font-size wp-elements-0b329fe2d45310c61fce2e44b451bb77\"><strong>Mit einfachen KI Tools Stress im Lehrkr\u00e4ftealltag reduzieren<\/strong><\/p>\n\n\n\n<p class=\"has-large-font-size\">Elias Perez<\/p>\n\n\n\n<p class=\"has-vivid-cyan-blue-color has-text-color has-link-color has-large-font-size wp-elements-d3e8bb6542543cbe4108cc6a6b11b30d\">Gr\u00fcnder Startup im Ed\/Tech<\/p>\n\n\n\n<p class=\"has-vivid-cyan-blue-color has-text-color has-link-color has-large-font-size wp-elements-5de3b182a3f96205390f6b8141e01bb3\">Skulio<\/p>\n\n\n\n<p>skulio ist ein Startup, dass KI Tools f\u00fcr Lehrkr\u00e4fte entwickelt, um sie bei der zeitintensiven Vor- und Nachbereitung von Unterricht zu entlastet. <\/p>\n\n\n\n<p>Mit ihrer KI L\u00f6sung lassen sich didaktisch fundierte und individuell anpassbare Arbeitsbl\u00e4tter minutenschnell erstellen. Die Arbeitsbl\u00e4tter werden basierend auf gepr\u00fcften Bildungsmaterialien erstellt und k\u00f6nnen sowohl inhaltlich als auch kreativ individuell auf den Unterricht der Lehrkraft angepasst werden. So haben Lehrkr\u00e4fte wieder mehr Zeit, mehr Spa\u00df und weniger Stress im Arbeitsalltag.<\/p>\n\n\n\n<script class=\"podigee-podcast-player\" src=\"https:\/\/player.podigee-cdn.net\/podcast-player\/javascripts\/podigee-podcast-player.js\" data-configuration=\"https:\/\/diecosys-podcast.podigee.io\/14-skulio\/embed?context=external\"><\/script>\n\n\n\n<p><\/p>\n","protected":false},"excerpt":{"rendered":"<p>Mit einfachen KI Tools Stress im Lehrkr\u00e4ftealltag reduzieren Elias Perez Gr\u00fcnder Startup im Ed\/Tech Skulio skulio ist ein Startup, dass KI Tools f\u00fcr Lehrkr\u00e4fte entwickelt, um sie bei der zeitintensiven Vor- und Nachbereitung von Unterricht zu entlastet. Mit ihrer KI L\u00f6sung lassen sich didaktisch fundierte und individuell anpassbare Arbeitsbl\u00e4tter minutenschnell erstellen. Die Arbeitsbl\u00e4tter werden basierend [&hellip;]<\/p>\n","protected":false},"author":1,"featured_media":0,"parent":19,"menu_order":4,"comment_status":"closed","ping_status":"closed","template":"","meta":{"footnotes":""},"class_list":["post-639","page","type-page","status-publish","hentry"],"_links":{"self":[{"href":"https:\/\/diecosys.com\/index.php?rest_route=\/wp\/v2\/pages\/639","targetHints":{"allow":["GET"]}}],"collection":[{"href":"https:\/\/diecosys.com\/index.php?rest_route=\/wp\/v2\/pages"}],"about":[{"href":"https:\/\/diecosys.com\/index.php?rest_route=\/wp\/v2\/types\/page"}],"author":[{"embeddable":true,"href":"https:\/\/diecosys.com\/index.php?rest_route=\/wp\/v2\/users\/1"}],"replies":[{"embeddable":true,"href":"https:\/\/diecosys.com\/index.php?rest_route=%2Fwp%2Fv2%2Fcomments&post=639"}],"version-history":[{"count":10,"href":"https:\/\/diecosys.com\/index.php?rest_route=\/wp\/v2\/pages\/639\/revisions"}],"predecessor-version":[{"id":742,"href":"https:\/\/diecosys.com\/index.php?rest_route=\/wp\/v2\/pages\/639\/revisions\/742"}],"up":[{"embeddable":true,"href":"https:\/\/diecosys.com\/index.php?rest_route=\/wp\/v2\/pages\/19"}],"wp:attachment":[{"href":"https:\/\/diecosys.com\/index.php?rest_route=%2Fwp%2Fv2%2Fmedia&parent=639"}],"curies":[{"name":"wp","href":"https:\/\/api.w.org\/{rel}","templated":true}]}}