{"id":685,"date":"2026-01-27T21:33:03","date_gmt":"2026-01-27T20:33:03","guid":{"rendered":"https:\/\/diecosys.com\/?page_id=685"},"modified":"2026-02-19T17:43:58","modified_gmt":"2026-02-19T16:43:58","slug":"podcasat-17","status":"publish","type":"page","link":"https:\/\/diecosys.com\/?page_id=685","title":{"rendered":"#17 Spreat"},"content":{"rendered":"\n<p class=\"has-vivid-cyan-blue-color has-text-color has-link-color has-large-font-size wp-elements-a800238477a574f0862b67175ec27ea7\"><strong>Einzelhandel neu gedacht: <\/strong><br><strong>mit Spreat zum Marktplatz auf der Fl\u00e4che<\/strong><\/p>\n\n\n\n<p class=\"has-large-font-size\">Mattis Kl\u00f6pper<\/p>\n\n\n\n<p class=\"has-vivid-cyan-blue-color has-text-color has-link-color has-large-font-size wp-elements-6c0ea23c4758478e0be122ef630370cf\">Gr\u00fcnder und CEO<\/p>\n\n\n\n<p class=\"has-vivid-cyan-blue-color has-text-color has-link-color has-large-font-size wp-elements-03c51f5ae1b0ebecbb7989a671e6a01e\">Spreat GmbH<\/p>\n\n\n\n<p>Spreat hat ein Kassensystem mit integrierter Supply-Chain entwickelt, das Ladengesch\u00e4fte bef\u00e4higt, wie ein offline Marktplatz zu funktionieren. Das Prinzip ist einfach: Kundinnen und Kunden kaufen die Produkte im Laden und nehmen diese physisch mit nach Hause. Rechtlich gesehen kaufen sie diese direkt beim Produzenten. Der H\u00e4ndler erh\u00e4lt f\u00fcr jeden Verkauf eine Provision \u2013 ohne vorher Waren einkaufen oder Kapital binden zu m\u00fcssen.<\/p>\n\n\n\n<script class=\"podigee-podcast-player\" src=\"https:\/\/player.podigee-cdn.net\/podcast-player\/javascripts\/podigee-podcast-player.js\" data-configuration=\"https:\/\/diecosys-podcast.podigee.io\/17-new-episode\/embed?context=external\"><\/script>\n\n\n\n<p><\/p>\n","protected":false},"excerpt":{"rendered":"<p>Einzelhandel neu gedacht: mit Spreat zum Marktplatz auf der Fl\u00e4che Mattis Kl\u00f6pper Gr\u00fcnder und CEO Spreat GmbH Spreat hat ein Kassensystem mit integrierter Supply-Chain entwickelt, das Ladengesch\u00e4fte bef\u00e4higt, wie ein offline Marktplatz zu funktionieren. Das Prinzip ist einfach: Kundinnen und Kunden kaufen die Produkte im Laden und nehmen diese physisch mit nach Hause. Rechtlich gesehen [&hellip;]<\/p>\n","protected":false},"author":1,"featured_media":0,"parent":19,"menu_order":1,"comment_status":"closed","ping_status":"closed","template":"","meta":{"footnotes":""},"class_list":["post-685","page","type-page","status-publish","hentry"],"_links":{"self":[{"href":"https:\/\/diecosys.com\/index.php?rest_route=\/wp\/v2\/pages\/685","targetHints":{"allow":["GET"]}}],"collection":[{"href":"https:\/\/diecosys.com\/index.php?rest_route=\/wp\/v2\/pages"}],"about":[{"href":"https:\/\/diecosys.com\/index.php?rest_route=\/wp\/v2\/types\/page"}],"author":[{"embeddable":true,"href":"https:\/\/diecosys.com\/index.php?rest_route=\/wp\/v2\/users\/1"}],"replies":[{"embeddable":true,"href":"https:\/\/diecosys.com\/index.php?rest_route=%2Fwp%2Fv2%2Fcomments&post=685"}],"version-history":[{"count":7,"href":"https:\/\/diecosys.com\/index.php?rest_route=\/wp\/v2\/pages\/685\/revisions"}],"predecessor-version":[{"id":739,"href":"https:\/\/diecosys.com\/index.php?rest_route=\/wp\/v2\/pages\/685\/revisions\/739"}],"up":[{"embeddable":true,"href":"https:\/\/diecosys.com\/index.php?rest_route=\/wp\/v2\/pages\/19"}],"wp:attachment":[{"href":"https:\/\/diecosys.com\/index.php?rest_route=%2Fwp%2Fv2%2Fmedia&parent=685"}],"curies":[{"name":"wp","href":"https:\/\/api.w.org\/{rel}","templated":true}]}}