{"id":715,"date":"2026-02-12T18:49:55","date_gmt":"2026-02-12T17:49:55","guid":{"rendered":"https:\/\/diecosys.com\/?page_id=715"},"modified":"2026-02-19T17:40:31","modified_gmt":"2026-02-19T16:40:31","slug":"podcast-18","status":"publish","type":"page","link":"https:\/\/diecosys.com\/?page_id=715","title":{"rendered":"#18 Kumo Cloud Solutions"},"content":{"rendered":"\n<p class=\"has-vivid-cyan-blue-color has-text-color has-link-color has-large-font-size wp-elements-97ce4caa6d617e2c986de2cd31165669\"><strong>Unternehmens-Know-how mit KI nachhaltig sichern<\/strong><\/p>\n\n\n\n<p class=\"has-large-font-size\">Frank Weiler<\/p>\n\n\n\n<p class=\"has-vivid-cyan-blue-color has-text-color has-link-color has-large-font-size wp-elements-96a16d548f6a232dda18cc2c1dbb1f33\">Key Account Manager<\/p>\n\n\n\n<p class=\"has-vivid-cyan-blue-color has-text-color has-link-color has-large-font-size wp-elements-a9eeb27efeeec8ce970c0e85ef55c51c\">Kumo Cloud Solutions GmbH<\/p>\n\n\n\n<p>Kumo Cloud Solutions hat sich auf die Optimierung von Gesch\u00e4ftsprozessen in verschiedenen Industrien spezialisiert und bietet KI-basierte L\u00f6sungen zur Automatisierung von Gesch\u00e4ftsprozessen.<br>Mit SayHy und BrainBridge verbessert Kumo die Kommunikation und das Wissensmanagement in Unternehmen \u2013 und entwickelt auch individuelle Softwarel\u00f6sungen.<\/p>\n\n\n\n<p>Durch den gezielten Einsatz von K\u00fcnstlicher Intelligenz (KI) und fortschrittlichen Algorithmen werden Prozesse effizienter gestaltet und substantieller Mehrwert f\u00fcr Unternehmen erzeugt.<\/p>\n\n\n\n<script class=\"podigee-podcast-player\" src=\"https:\/\/player.podigee-cdn.net\/podcast-player\/javascripts\/podigee-podcast-player.js\" data-configuration=\"https:\/\/diecosys-podcast.podigee.io\/18-new-episode\/embed?context=external\"><\/script>\n","protected":false},"excerpt":{"rendered":"<p>Unternehmens-Know-how mit KI nachhaltig sichern Frank Weiler Key Account Manager Kumo Cloud Solutions GmbH Kumo Cloud Solutions hat sich auf die Optimierung von Gesch\u00e4ftsprozessen in verschiedenen Industrien spezialisiert und bietet KI-basierte L\u00f6sungen zur Automatisierung von Gesch\u00e4ftsprozessen.Mit SayHy und BrainBridge verbessert Kumo die Kommunikation und das Wissensmanagement in Unternehmen \u2013 und entwickelt auch individuelle Softwarel\u00f6sungen. Durch [&hellip;]<\/p>\n","protected":false},"author":1,"featured_media":0,"parent":19,"menu_order":0,"comment_status":"closed","ping_status":"closed","template":"","meta":{"footnotes":""},"class_list":["post-715","page","type-page","status-publish","hentry"],"_links":{"self":[{"href":"https:\/\/diecosys.com\/index.php?rest_route=\/wp\/v2\/pages\/715","targetHints":{"allow":["GET"]}}],"collection":[{"href":"https:\/\/diecosys.com\/index.php?rest_route=\/wp\/v2\/pages"}],"about":[{"href":"https:\/\/diecosys.com\/index.php?rest_route=\/wp\/v2\/types\/page"}],"author":[{"embeddable":true,"href":"https:\/\/diecosys.com\/index.php?rest_route=\/wp\/v2\/users\/1"}],"replies":[{"embeddable":true,"href":"https:\/\/diecosys.com\/index.php?rest_route=%2Fwp%2Fv2%2Fcomments&post=715"}],"version-history":[{"count":9,"href":"https:\/\/diecosys.com\/index.php?rest_route=\/wp\/v2\/pages\/715\/revisions"}],"predecessor-version":[{"id":736,"href":"https:\/\/diecosys.com\/index.php?rest_route=\/wp\/v2\/pages\/715\/revisions\/736"}],"up":[{"embeddable":true,"href":"https:\/\/diecosys.com\/index.php?rest_route=\/wp\/v2\/pages\/19"}],"wp:attachment":[{"href":"https:\/\/diecosys.com\/index.php?rest_route=%2Fwp%2Fv2%2Fmedia&parent=715"}],"curies":[{"name":"wp","href":"https:\/\/api.w.org\/{rel}","templated":true}]}}